{"id":17,"date":"2020-01-25T08:46:51","date_gmt":"2020-01-25T08:46:51","guid":{"rendered":"http:\/\/metallgestaltung-foester.de\/?page_id=17"},"modified":"2020-06-17T06:05:46","modified_gmt":"2020-06-17T06:05:46","slug":"metallbau","status":"publish","type":"page","link":"https:\/\/metallgestaltung-foester.de\/?page_id=17","title":{"rendered":"metallbau"},"content":{"rendered":"\n    <!--[separator]-->\n    <style>\n.bd-separator-1235902936{position:absolute;top:48.229%;left:34.444%;right:auto;bottom:auto;padding:10px 0px;}<\/style>        <style>\n.bd-separator-1235902936 .bd-separator-inner:before, .bd-separator-1235902936 .bd-separator-inner:after{border-top:1px solid #555555;}<\/style>    <style>\n.bd-separator-1235902936 .bd-separator-inner{width:75%;}<\/style>\n    <div class=\" bd-separator-1235902936  bd-separator-center bd-separator-content-center clearfix\">\n        <div class=\"bd-container-inner\">\n            <div class=\"bd-separator-inner\">\n                                <!--{content}--><!--{\/content}-->\n            <\/div>\n        <\/div>\n    <\/div>\n    <!--[\/separator]-->\n\n    \n    <!--[section]-->\n\t\t\t\t<section id=section4 class=\" bd-section-381182045  bd-tagstyles\" data-section-title=\"One \u0421olumn\">\n\t\t\t<div class=\"bd-container-inner bd-margins clearfix\">\n\t\t\t\t<!--{content}-->\n\t\t\t\t\t    <!--[columns]-->\n        <style>\n.bd-layoutcontainer-1780548699  > .bd-container-inner > .container-fluid:after{display:none;}<\/style><style>\n.bd-layoutcontainer-1780548699 > .bd-container-inner > .container-fluid, .bd-layoutcontainer-1780548699 > .bd-container-inner > .container-fluid > .row{height:100%;}<\/style><style>.bd-layoutcontainer-1780548699 > .bd-container-inner > .container-fluid {padding-left: 0; padding-right: 0;}<\/style>        <style><\/style>        <div class=\" bd-layoutcontainer-1780548699  bd-columns bd-no-margins\">\n            <div class=\"bd-container-inner\">\n                <div class=\"container-fluid\">\n                    <div class=\"row bd-row-flex bd-row-align-middle\">\n                        <!--{content}-->\n                                <!--[column]-->\n        <div class=\"col-xs-12 bd-columnwrapper-1423828179\">\n            <div class=\"bd-column  bd-layoutcolumn-1423828179 \">\n                <div class=\"bd-vertical-align-wrapper\">\n                    <!--{content}-->\n                        <!--[html]--><style><\/style><div class=\"bd-tagstyles  additional-class-547065212 \"><div class=\"bd-container-inner bd-content-element\"><!--{content}--><p><strong>Die Bereiche unserer Firma, die auf dieser Seite vorgestellt werden sind wesentlich n\u00fcchterner als die, die unsere Schmiede herstellt. Daf\u00fcr sind die Projekte zum Teil viel, viel gr\u00f6\u00dfer. Wir arbeiten sowohl mit Firmen zusammen, die weltweit agieren als auch mit Kleinunternehmen und privaten Auftraggebern. Unser Betrieb ist zertifiziert nach DIN EN 1090, d.h. wir d\u00fcrfen unsere Produkte in komplexen Umgebungen montieren.<\/strong><\/p><p><br><\/p><p><b>Sie finden einige Beispielfotos durch Klick auf die \u00dcberschriften. Sie k\u00f6nnen in unserer Ausstellung zahlreiche Muster anschauen. Hier bekommen Sie auch die Beratung, die Sie w\u00fcnschen.<\/b><br><!--EndFragment--><\/p><p><br><\/p><!--{\/content}--><\/div><\/div><!--[\/html]-->\n\t\n\t\t\n    <!--[spacer]-->\n    <style>\n.bd-spacer-922723815{height:20px;}<\/style>    <div class=\" bd-spacer-922723815  clearfix\">\n        <!--{content}--><!--{\/content}-->\n    <\/div>\n    <!--[\/spacer]-->\n\n                        <!--{\/content}-->\n                <\/div>\n            <\/div>\n        <\/div>\n    <!--[\/column]-->\n                        <!--{\/content}-->\n                    <\/div>\n                <\/div>\n            <\/div>\n        <\/div>\n    <!--[\/columns]-->\n\t\t\t\t<!--{\/content}-->\n\t\t\t<\/div>\n\t\t<\/section>\n\t<!--[\/section]-->\n\n    <!--[section]-->\n\t\t\t\t<section id=section4 class=\" bd-section-776505779  bd-tagstyles\" data-section-title=\"One \u0421olumn\">\n\t\t\t<div class=\"bd-container-inner bd-margins clearfix\">\n\t\t\t\t<!--{content}-->\n\t\t\t\t\t    <!--[columns]-->\n        <style>\n.bd-layoutcontainer-570476479  > .bd-container-inner > .container-fluid:after{display:none;}<\/style><style>\n.bd-layoutcontainer-570476479 > .bd-container-inner > .container-fluid, .bd-layoutcontainer-570476479 > .bd-container-inner > .container-fluid > .row{height:100%;}<\/style><style>.bd-layoutcontainer-570476479 > .bd-container-inner > .container-fluid {padding-left: 0; padding-right: 0;}<\/style>        <style><\/style>        <div class=\" bd-layoutcontainer-570476479  bd-columns bd-no-margins\">\n            <div class=\"bd-container-inner\">\n                <div class=\"container-fluid\">\n                    <div class=\"row bd-row-flex bd-row-align-middle\">\n                        <!--{content}-->\n                                <!--[column]-->\n        <div class=\"col-xs-12 bd-columnwrapper-1934991648\">\n            <div class=\"bd-column  bd-layoutcolumn-1934991648 \">\n                <div class=\"bd-vertical-align-wrapper\">\n                    <!--{content}-->\n                                            <!--{\/content}-->\n                <\/div>\n            <\/div>\n        <\/div>\n    <!--[\/column]-->\n                        <!--{\/content}-->\n                    <\/div>\n                <\/div>\n            <\/div>\n        <\/div>\n    <!--[\/columns]-->\n\t\t\t\t<!--{\/content}-->\n\t\t\t<\/div>\n\t\t<\/section>\n\t<!--[\/section]-->\n\n    <!--[section]-->\n\t\t\t\t<section id=section4 class=\" bd-section-2046080943  bd-tagstyles\" data-section-title=\"One \u0421olumn\">\n\t\t\t<div class=\"bd-container-inner bd-margins clearfix\">\n\t\t\t\t<!--{content}-->\n\t\t\t\t\t\t\t\t\t<!--{\/content}-->\n\t\t\t<\/div>\n\t\t<\/section>\n\t<!--[\/section]-->\n\n<!--[container_effect]--> <div class=\"container-effect container  bd-containereffect-630345205 \"><!--{content}-->    <!--[section]-->\n\t\t<style>\n.bd-section-1507907534{padding-top:2em;padding-bottom:2em;}\n.bd-section-1507907534{\n\tline-height:  30.6px;\n\tfont-size:  18px;\n\tcolor:  #333333;\n\ttext-align:  center;\n}\n.bd-section-1507907534 h2{\n\tline-height:  37.2px;\n\tfont-size:  31px;\n\tfont-weight:  500;\n\tcolor:  #000000;\n\ttext-transform:  uppercase;\n}\n.bd-section-1507907534 h1{\n\tline-height:  74px;\n\tfont-size:  74px;\n\tfont-weight:  normal;\n\ttext-transform:  uppercase;\n\tcolor:  #d8544f;\n}\n\n@media (max-width: 1199px) {.bd-section-1507907534 h2{\n\tline-height:  30px;\n\tfont-size:  25px;\n}\n.bd-section-1507907534 h1{\n\tline-height:  62px;\n\tfont-size:  62px;\n}\n}\n@media (max-width: 991px) {.bd-section-1507907534 h2{\n\tline-height:  37.2px;\n\tfont-size:  31px;\n}\n}\n@media (max-width: 767px) {.bd-section-1507907534 h2{\n\tline-height:  42.85714287px;\n\tfont-size:  30px;\n}\n.bd-section-1507907534 h1{\n\tline-height:  68.57142859px;\n\tfont-size:  48px;\n}\n}<\/style>\t\t<section id=section4 class=\" bd-section-1507907534  bd-tagstyles\" data-section-title=\"Design Six Columns\">\n\t\t\t<div class=\"bd-container-inner bd-margins clearfix\">\n\t\t\t\t<!--{content}-->\n\t\t\t\t\t    <!--[columns]-->\n        <style>\n.bd-layoutcontainer-331713609{min-height:300px;}<\/style><style>\n.bd-layoutcontainer-331713609 > .bd-container-inner > .container-fluid > .row{height:100%;margin:0px;}\n.bd-layoutcontainer-331713609 > .bd-container-inner > .container-fluid > .row > div{padding:0px;}\n.bd-layoutcontainer-331713609  > .bd-container-inner > .container-fluid:after{display:none;}<\/style><style>\n.bd-layoutcontainer-331713609 > .bd-container-inner > .container-fluid, .bd-layoutcontainer-331713609 > .bd-container-inner > .container-fluid > .row{height:100%;}<\/style><style>.bd-layoutcontainer-331713609 > .bd-container-inner > .container-fluid {padding-left: 0; padding-right: 0;margin-left: 0!important; margin-right: 0!important;}<\/style>        <style>\n.bd-layoutcolumn-2022968469{min-height:300px;background-image:url(https:\/\/metallgestaltung-foester.de\/wp-content\/uploads\/2020\/06\/1cf8ea616893b6fc8f4c9659f2a4b9dc_IMG_5968.jpg);background-repeat:no-repeat;background-attachment:scroll;background-position:center center;background-size:cover;}\n\n@media (max-width: 991px) {.bd-columnwrapper-2022968469{order:1;}}\n\n.bd-layoutcolumn-759198646{min-height:300px;background-color:#ededed;padding:2em;}\n\n@media (max-width: 991px) {.bd-columnwrapper-759198646{order:2;}}\n\n.bd-layoutcolumn-367280003{min-height:300px;background-image:url(https:\/\/metallgestaltung-foester.de\/wp-content\/uploads\/2020\/06\/f7b6aff62b350df88ab534c439f89c61_PHOTO20190613144350.jpg);background-repeat:no-repeat;background-attachment:scroll;background-position:center center;background-size:cover;}\n\n@media (max-width: 991px) {.bd-columnwrapper-367280003{order:4;}}\n@media (max-width: 767px) {.bd-columnwrapper-367280003{order:3;}}\n\n.bd-layoutcolumn-1545933238{min-height:300px;background-color:#ededed;padding:2em;}\n\n@media (max-width: 991px) {.bd-columnwrapper-1545933238{order:3;}}\n@media (max-width: 767px) {.bd-columnwrapper-1545933238{order:3;}}\n\n.bd-layoutcolumn-1058802795{min-height:300px;background-image:url(https:\/\/metallgestaltung-foester.de\/wp-content\/uploads\/2020\/06\/40786082346f9803272e72705587357f_DSCN2157.jpg);background-repeat:no-repeat;background-attachment:scroll;background-position:center center;background-size:cover;margin-bottom:0px;}\n\n@media (max-width: 991px) {.bd-columnwrapper-1058802795{order:5;}}\n\n.bd-layoutcolumn-210508830{min-height:300px;background-color:#ededed;margin-top:0px;padding:2em;}\n\n@media (max-width: 991px) {.bd-columnwrapper-210508830{order:6;}}<\/style>        <div class=\" bd-layoutcontainer-331713609  bd-columns bd-no-margins\">\n            <div class=\"bd-container-inner\">\n                <div class=\"container-fluid\">\n                    <div class=\"row bd-row-flex bd-row-align-middle\">\n                        <!--{content}-->\n                                <!--[column]-->\n        <div class=\"col-md-4 col-sm-6 bd-columnwrapper-2022968469\">\n            <div class=\"bd-column  bd-layoutcolumn-2022968469 \">\n                <div class=\"bd-vertical-align-wrapper\">\n                    <!--{content}-->\n                                            <!--{\/content}-->\n                <\/div>\n            <\/div>\n        <\/div>\n    <!--[\/column]-->\n\n\t\n\t\t    <!--[column]-->\n        <div class=\"col-md-4 col-sm-6 bd-columnwrapper-759198646\">\n            <div class=\"bd-column  bd-layoutcolumn-759198646 \">\n                <div class=\"bd-vertical-align-wrapper\">\n                    <!--{content}-->\n                            <!--[text]-->\n        <style>\n.additional-class-299515674{margin:0px;}\nh1.additional-class-299515674{\n\tline-height:  51.42857144px;\n\tfont-size:  36px;\n\tcolor:  #000000;\n}\n<\/style>        <h1 class=\" additional-class-299515674  bd-no-margins bd-content-element\">\n            <!--{content}-->\n                <a href=\"https:\/\/metallgestaltung-foester.de\/?page_id=95\">\n            \n                Treppen            \n        <\/a>            <!--{\/content}-->\n        <\/h1>\n    <!--[\/text]-->\n                    <!--{\/content}-->\n                <\/div>\n            <\/div>\n        <\/div>\n    <!--[\/column]-->\n\n\t\n\t\t    <!--[column]-->\n        <div class=\"col-md-4 col-sm-6 bd-columnwrapper-367280003\">\n            <div class=\"bd-column  bd-layoutcolumn-367280003 \">\n                <div class=\"bd-vertical-align-wrapper\">\n                    <!--{content}-->\n                                            <!--{\/content}-->\n                <\/div>\n            <\/div>\n        <\/div>\n    <!--[\/column]-->\n\n\t\n\t\t    <!--[column]-->\n        <div class=\"col-md-4 col-sm-6 bd-columnwrapper-1545933238\">\n            <div class=\"bd-column  bd-layoutcolumn-1545933238 \">\n                <div class=\"bd-vertical-align-wrapper\">\n                    <!--{content}-->\n                            <!--[text]-->\n                <h2 class=\" additional-class-536713916  bd-content-element\">\n            <!--{content}-->\n                <a href=\"https:\/\/metallgestaltung-foester.de\/?page_id=202\">gel\u00e4nder\/<\/a><br><a href=\"https:\/\/metallgestaltung-foester.de\/?page_id=202\">balkone<\/a>            <!--{\/content}-->\n        <\/h2>\n    <!--[\/text]-->\n                    <!--{\/content}-->\n                <\/div>\n            <\/div>\n        <\/div>\n    <!--[\/column]-->\n\n\t\n\t\t    <!--[column]-->\n        <div class=\"col-md-4 col-sm-6 bd-columnwrapper-1058802795\">\n            <div class=\"bd-column  bd-layoutcolumn-1058802795 \">\n                <div class=\"bd-vertical-align-wrapper\">\n                    <!--{content}-->\n                                            <!--{\/content}-->\n                <\/div>\n            <\/div>\n        <\/div>\n    <!--[\/column]-->\n\n\t\n\t\t    <!--[column]-->\n        <div class=\"col-md-4 col-sm-6 bd-columnwrapper-210508830\">\n            <div class=\"bd-column  bd-layoutcolumn-210508830 \">\n                <div class=\"bd-vertical-align-wrapper\">\n                    <!--{content}-->\n                            <!--[text]-->\n                <h2 class=\" additional-class-1589214522  bd-content-element\">\n            <!--{content}-->\n                <a href=\"https:\/\/metallgestaltung-foester.de\/?page_id=197\">\n            \n                industrie<\/a>            <!--{\/content}-->\n        <\/h2>\n    <!--[\/text]-->\n                    <!--{\/content}-->\n                <\/div>\n            <\/div>\n        <\/div>\n    <!--[\/column]-->\n                        <!--{\/content}-->\n                    <\/div>\n                <\/div>\n            <\/div>\n        <\/div>\n    <!--[\/columns]-->\n\t\t\t\t<!--{\/content}-->\n\t\t\t<\/div>\n\t\t<\/section>\n\t<!--[\/section]-->\n<!--{\/content}--><\/div><!--[\/container_effect]-->\n    <!--[section]-->\n\t\t<style>\n.bd-section-2125559875{height:99px;}\n@media (max-width: 991px) {.bd-section-2125559875{height:10px;}}<\/style>\t\t<section id=section4 class=\" bd-section-2125559875  bd-tagstyles\" data-section-title=\"One \u0421olumn\">\n\t\t\t<div class=\"bd-container-inner bd-margins clearfix\">\n\t\t\t\t<!--{content}-->\n\t\t\t\t\t    <!--[columns]-->\n        <style>\n.bd-layoutcontainer-292339590  > .bd-container-inner > .container-fluid:after{display:none;}<\/style><style>\n.bd-layoutcontainer-292339590 > .bd-container-inner > .container-fluid, .bd-layoutcontainer-292339590 > .bd-container-inner > .container-fluid > .row{height:100%;}<\/style><style>.bd-layoutcontainer-292339590 > .bd-container-inner > .container-fluid {padding-left: 0; padding-right: 0;}<\/style>        <style><\/style>        <div class=\" bd-layoutcontainer-292339590  bd-columns bd-no-margins\">\n            <div class=\"bd-container-inner\">\n                <div class=\"container-fluid\">\n                    <div class=\"row bd-row-flex bd-row-align-middle\">\n                        <!--{content}-->\n                                <!--[column]-->\n        <div class=\"col-xs-12 bd-columnwrapper-1755507143\">\n            <div class=\"bd-column  bd-layoutcolumn-1755507143 \">\n                <div class=\"bd-vertical-align-wrapper\">\n                    <!--{content}-->\n                                            <!--{\/content}-->\n                <\/div>\n            <\/div>\n        <\/div>\n    <!--[\/column]-->\n                        <!--{\/content}-->\n                    <\/div>\n                <\/div>\n            <\/div>\n        <\/div>\n    <!--[\/columns]-->\n\t\t\t\t<!--{\/content}-->\n\t\t\t<\/div>\n\t\t<\/section>\n\t<!--[\/section]-->\n\n","protected":false},"excerpt":{"rendered":"","protected":false},"author":1,"featured_media":0,"parent":0,"menu_order":4,"comment_status":"closed","ping_status":"closed","template":"","meta":{"footnotes":""},"class_list":["post-17","page","type-page","status-publish","hentry"],"_links":{"self":[{"href":"https:\/\/metallgestaltung-foester.de\/index.php?rest_route=\/wp\/v2\/pages\/17","targetHints":{"allow":["GET"]}}],"collection":[{"href":"https:\/\/metallgestaltung-foester.de\/index.php?rest_route=\/wp\/v2\/pages"}],"about":[{"href":"https:\/\/metallgestaltung-foester.de\/index.php?rest_route=\/wp\/v2\/types\/page"}],"author":[{"embeddable":true,"href":"https:\/\/metallgestaltung-foester.de\/index.php?rest_route=\/wp\/v2\/users\/1"}],"replies":[{"embeddable":true,"href":"https:\/\/metallgestaltung-foester.de\/index.php?rest_route=%2Fwp%2Fv2%2Fcomments&post=17"}],"version-history":[{"count":25,"href":"https:\/\/metallgestaltung-foester.de\/index.php?rest_route=\/wp\/v2\/pages\/17\/revisions"}],"predecessor-version":[{"id":362,"href":"https:\/\/metallgestaltung-foester.de\/index.php?rest_route=\/wp\/v2\/pages\/17\/revisions\/362"}],"wp:attachment":[{"href":"https:\/\/metallgestaltung-foester.de\/index.php?rest_route=%2Fwp%2Fv2%2Fmedia&parent=17"}],"curies":[{"name":"wp","href":"https:\/\/api.w.org\/{rel}","templated":true}]}}