{"id":15,"date":"2020-01-25T08:46:49","date_gmt":"2020-01-25T08:46:49","guid":{"rendered":"http:\/\/metallgestaltung-foester.de\/?page_id=15"},"modified":"2025-08-15T05:36:19","modified_gmt":"2025-08-15T05:36:19","slug":"impressum-disclaimer","status":"publish","type":"page","link":"https:\/\/metallgestaltung-foester.de\/?page_id=15","title":{"rendered":"Impressum\/Disclaimer"},"content":{"rendered":"<h1>Impressum<\/h1>\n<p>Uwe F\u00f6ster<br \/>\nSchmiedearbeiten<br \/>\nMetallbau<br \/>\nAn der Gleier 36<br \/>\n57392 Schmallenberg-Gleidorf<\/p>\n<h2>Kontakt<\/h2>\n<p>Telefon: +49 (0) 2972 48245<br \/>\nTelefax: +49 (0) 2972 48246<br \/>\nE-Mail: info@schmiede-galerie-foester.de<\/p>\n<h2>Umsatzsteuer-ID<\/h2>\n<p>Umsatzsteuer-Identifikationsnummer gem\u00e4\u00df \u00a7 27 a Umsatzsteuergesetz:<br \/>\nDE 188494133<\/p>\n<h2>Aufsichtsbeh\u00f6rde<\/h2>\n<p>Handwerkskammer S\u00fcdwestfalen<br \/>\nBr\u00fcckenpl. 1,<br \/>\n59821 Arnsberg<\/p>\n<p>Register Nummer 8032104<\/p>\n<p><a href=\"https:\/\/www.hwk-swf.de\/\" target=\"_blank\" rel=\"noopener noreferrer\">https:\/\/www.hwk-swf.de\/<\/a><\/p>\n<h2>Angaben zur Berufs\u00adhaftpflicht\u00adversicherung<\/h2>\n<p><strong>Name und Sitz des Versicherers:<\/strong><br \/>\nProvinzial<br \/>\nProvinzial-Allee 1, 48159 M\u00fcnster<\/p>\n<p><strong>Geltungsraum der Versicherung:<\/strong><br \/>\nEuropa<\/p>\n<h2>Verbraucher\u00adstreit\u00adbeilegung\/Universal\u00adschlichtungs\u00adstelle<\/h2>\n<p>Wir sind nicht bereit oder verpflichtet, an Streitbeilegungsverfahren vor einer Verbraucherschlichtungsstelle teilzunehmen.<\/p>\n<p>&nbsp;<\/p>\n<h1>Site Notice<\/h1>\n<p>Uwe F\u00f6ster<br \/>\nSchmiedearbeiten<br \/>\nMetallbau<br \/>\nAn der Gleier 36<br \/>\n57392 Schmallenberg-Gleidorf<\/p>\n<h2>Contact<\/h2>\n<p>Phone: +49 (0) 2972 48245<br \/>\nTelefax: +49 (0) 2972 48246<br \/>\nE-mail: info@schmiede-galerie-foester.de<\/p>\n<h2>VAT ID<\/h2>\n<p>Sales tax identification number according to Sect. 27 a of the Sales Tax Law:<br \/>\nDE 188494133<\/p>\n<h2>Supervisory authority<\/h2>\n<p>Handwerkskammer S\u00fcdwestfalen<br \/>\nBr\u00fcckenpl. 1,<br \/>\n59821 Arnsberg<\/p>\n<p>Register Nummer 8032104<\/p>\n<p><a href=\"https:\/\/www.hwk-swf.de\/\" target=\"_blank\" rel=\"noopener noreferrer\">https:\/\/www.hwk-swf.de\/<\/a><\/p>\n<h2>Information regarding professional liability insurance<\/h2>\n<p><strong>Name and registered office of the insurer:<\/strong><br \/>\nProvinzial<br \/>\nProvinzial-Allee 1, 48159 M\u00fcnster<\/p>\n<p><strong>Scope of insurance:<\/strong><br \/>\nEuropa<\/p>\n<h2>Dispute resolution proceedings in front of a consumer arbitration board<\/h2>\n<p>We are not willing or obliged to participate in dispute resolution proceedings in front of a consumer arbitration board.<\/p>\n","protected":false},"excerpt":{"rendered":"<p>Impressum Uwe F\u00f6ster Schmiedearbeiten Metallbau An der Gleier 36 57392 Schmallenberg-Gleidorf Kontakt Telefon: +49 (0) 2972 48245 Telefax: +49 (0) 2972 48246 E-Mail: info@schmiede-galerie-foester.de Umsatzsteuer-ID Umsatzsteuer-Identifikationsnummer gem\u00e4\u00df \u00a7 27 a Umsatzsteuergesetz: DE 188494133 Aufsichtsbeh\u00f6rde Handwerkskammer S\u00fcdwestfalen Br\u00fcckenpl. 1, 59821 Arnsberg Register Nummer 8032104 https:\/\/www.hwk-swf.de\/ Angaben zur Berufs\u00adhaftpflicht\u00adversicherung Name und Sitz des Versicherers: Provinzial Provinzial-Allee 1, [&hellip;]<\/p>\n","protected":false},"author":1,"featured_media":0,"parent":0,"menu_order":2,"comment_status":"closed","ping_status":"closed","template":"","meta":{"footnotes":""},"class_list":["post-15","page","type-page","status-publish","hentry"],"_links":{"self":[{"href":"https:\/\/metallgestaltung-foester.de\/index.php?rest_route=\/wp\/v2\/pages\/15","targetHints":{"allow":["GET"]}}],"collection":[{"href":"https:\/\/metallgestaltung-foester.de\/index.php?rest_route=\/wp\/v2\/pages"}],"about":[{"href":"https:\/\/metallgestaltung-foester.de\/index.php?rest_route=\/wp\/v2\/types\/page"}],"author":[{"embeddable":true,"href":"https:\/\/metallgestaltung-foester.de\/index.php?rest_route=\/wp\/v2\/users\/1"}],"replies":[{"embeddable":true,"href":"https:\/\/metallgestaltung-foester.de\/index.php?rest_route=%2Fwp%2Fv2%2Fcomments&post=15"}],"version-history":[{"count":28,"href":"https:\/\/metallgestaltung-foester.de\/index.php?rest_route=\/wp\/v2\/pages\/15\/revisions"}],"predecessor-version":[{"id":452,"href":"https:\/\/metallgestaltung-foester.de\/index.php?rest_route=\/wp\/v2\/pages\/15\/revisions\/452"}],"wp:attachment":[{"href":"https:\/\/metallgestaltung-foester.de\/index.php?rest_route=%2Fwp%2Fv2%2Fmedia&parent=15"}],"curies":[{"name":"wp","href":"https:\/\/api.w.org\/{rel}","templated":true}]}}